 is the remainder when -3 - (q + -2)/(-1 + 2) is divided by 22?
21
Let f(n) = -2*n + 13. What is the remainder when f(-21) is divided by 55?
0
Let g be 12/8 - 1/(-2). Suppose -4*p - x = -12, 0 = -g*x - 0*x. Suppose 0 = p*i - 2*i - 57. What is the remainder when i is divided by 29?
28
Let w be ((-3)/(0 + -3))/(3/(-27)). Calculate the remainder when w/21 + (-454)/(-14) is divided by 11.
10
Let h = 734 - 558. Calculate the remainder when h is divided by 12.
8
Let t be ((-5)/10)/((-1)/14). Suppose 2*v = t + 5. What is the remainder when (44/6)/(2/6) is divided by v?
4
Let j = -1 - 4. Let x = j + 10. Suppose 1792 - 1856 = -8*l. What is the remainder when l is divided by x?
3
Suppose -55 = -c - 3*t, c - 22*t + 19*t = 55. Let p be 1 - (0 + 0/(-4)). What is the remainder when c is divided by (-10)/p*16/(-20)?
7
Let f = -50 + 237. Let b = f + -98. What is the remainder when b is divided by 10?
9
Let x(y) = y**2 + 14*y + 7. Calculate the remainder when 183 is divided by x(-17).
9
Suppose 20 = -4*t + 24. Suppose 12 = 4*j + 4. Calculate the remainder when j is divided by t.
0
Let l(o) = o**3 - 9*o**2 + 8*o + 11. Let s = -10 + 18. Calculate the remainder when 54 is divided by l(s).
10
Let f be (3 - 0) + -2 + 6. Suppose f*q - 2*q = 300. Let a(g) = -9*g + 3. Calculate the remainder when q is divided by a(-2).
18
Suppose -13*s - 7*s + 1440 = 0. What is the remainder when 128 is divided by s?
56
What is the remainder when 14 is divided by ((-128)/10)/(-2) - 8/20?
2
What is the remainder when 33 is divided by 80/(-15)*(-36)/16?
9
Let c(s) be the third derivative of -s**6/120 + s**5/30 + 2*s**2. Let w be c(1). Calculate the remainder when (1 - (-65 - 0)) + w is divided by 23.
21
Let v = -22 - -34. Let n(i) = 3*i**2 - 36*i + 6. Calculate the remainder when 10 is divided by n(v).
4
Let c be (45/(1 - -4))/1. Suppose -c*l + 210 = -4*l. Calculate the remainder when (8/(-12)*l)/(-2) is divided by 4.
2
Suppose -5*p = 2*v + v - 119, -53 = -2*p - 3*v. Calculate the remainder when p is divided by 8.
6
Let m(j) = 2*j + 4. Calculate the remainder when 899 is divided by m(3).
9
Suppose -5*v - 5 = 5*i, 25 = -2*v - 5*i + 8. Suppose 0 = 3*z + 3*f - 29 - 31, 2*z - 44 = -v*f. Let d = z - -5. What is the remainder when 43 is divided by d?
20
Suppose 3*k = -23 - 7. Let m(v) = -v - 7. Suppose -r + 29 = 4*o, -o + 23 = 2*o + 2*r. What is the remainder when o is divided by m(k)?
1
What is the remainder when 254 is divided by -118 + 193 - (6 + 0)?
47
Let y(l) = -7*l - 2. Let z = 37 - 42. Calculate the remainder when y(z) is divided by 7.
5
Let x(r) = r**2. Let v(d) = d**3 + 5*d**2 - 6*d. Let z be v(-5). Suppose 6*y = y + 25, -4*y = 5*s - z. What is the remainder when 7 is divided by x(s)?
3
Let s(x) = -36*x + 3. Let j be s(2). Let o = -48 - j. Let v(q) = -q**2 + 9*q - 8. Calculate the remainder when o is divided by v(5).
9
Suppose 2*h - 4*o + 18 = 0, -2*h + 17 = 4*o - o. What is the remainder when h is divided by (-6 - 15*(-1)/3)/(-1)?
0
Let p(y) = 67*y**2 + 1. Let j(a) = 4*a**2 - 11*a + 5. Let k be j(7). What is the remainder when p(-1) is divided by (-6)/4 + k/8?
12
Suppose 4*t + d - 542 = 674, t - 325 = 5*d. Calculate the remainder when t is divided by 10.
5
Let s be (-1)/(((-3)/(-12))/1). Let a = 9 + s. Suppose -3 = a*h - 133. Calculate the remainder when 77 is divided by h.
25
Calculate the remainder when (9 + (-76)/8)*-606 is divided by 149.
5
Let l = 107 + -100. Suppose 3*j + 31 = 5*u + l*j, 5*u - 32 = -3*j. Calculate the remainder when 19 is divided by u.
5
Let q be ((-56)/(-10))/(-4 - 162/(-40)). Suppose -3*w = 5*a - 2 - q, -w + 27 = -2*a. What is the remainder when w is divided by 15?
3
Let y = 852 + -819. What is the remainder when 491 is divided by y?
29
Suppose -6*o = 2*k - 3*o - 286, 3*k - 415 = -o. Suppose -k = 6*t - 407. Suppose z = -10 + 33. Calculate the remainder when t is divided by z.
22
Let l(s) = -32*s + 1415. What is the remainder when l(-40) is divided by 93?
91
Suppose 2*r + 29 = 5*r - p, 49 = 3*r + 4*p. Let k(d) = -d**2 + 13*d + 11. What is the remainder when k(10) is divided by r?
8
Suppose -3*o = 48 + 18. Let r = o + 36. Calculate the remainder when r is divided by (4/2)/((-2)/(-5)).
4
Suppose 49 = 3*j - a + 1, 3*j = -3*a + 60. What is the remainder when 236 is divided by j?
15
Let s(z) = 2*z**2 - 2*z - 5. Suppose 349 + 20 = 41*b. Calculate the remainder when s(5) is divided by b.
8
Let j = -496 + 906. Calculate the remainder when j is divided by 103.
101
Let c = 1252 - 1100. Suppose 3*f = -k - 4*k + 243, 2*f + 263 = 5*k. Calculate the remainder when c is divided by k.
50
Let c = -23 + 39. Suppose 15*n = 13*n + c. Suppose 0 = 4*a - n*a + 84. Calculate the remainder when 41 is divided by a.
20
What is the remainder when (-16)/40*-5 - (-4 - 57) is divided by 28?
7
Let p(i) = 15*i + 313. What is the remainder when 633 is divided by p(-20)?
9
Let h(v) = -10*v - 1. Suppose 60 = -3*p + 7*p. What is the remainder when h(-3) is divided by p?
14
Let h(p) = p + 18. Suppose 4*o = -2*w + 146, w = o - 6*o + 175. Calculate the remainder when o is divided by h(0).
16
What is the remainder when 100/(-20) - (1 - 2)*141 is divided by 69?
67
Let n = -1162 + 1184. What is the remainder when 33 is divided by n?
11
Let c = -570 + 613. Calculate the remainder when 159 is divided by c.
30
Let y = 88 - 84. Suppose 4*p + 0*p - 13 = -g, -y*g + 52 = -5*p. Calculate the remainder when 128 is divided by g.
11
What is the remainder when 286 is divided by ((-17)/6)/((-41)/246)?
14
Suppose 5*h + 37 = -23. Let m = h + 18. Suppose m*k = k + 20. Calculate the remainder when k is divided by 4.
0
Suppose -5*o - 4*r = -226, 5*o = 5*r - 2*r + 198. Calculate the remainder when 79 is divided by o.
37
Suppose -4 = -d - 2*r, 2*d - 4*r = -0*r - 16. Let h(b) = -14*b - 6. What is the remainder when 62 is divided by h(d)?
18
Suppose -9 + 1 = 2*z, 0 = 2*j + 2*z - 88. What is the remainder when 93 is divided by j?
45
Suppose -a + 3*v = -v - 70, 0 = -3*a - 4*v + 242. What is the remainder when a is divided by 10?
8
Let m = 29858 - 29783. Suppose 2*j - 3*j = -23. What is the remainder when m is divided by j?
6
Let q = 53 + -95. Let h = q - -85. Calculate the remainder when 83 is divided by h.
40
Suppose 0 = 2*l - 2*h - 2*h - 4, 3*h - 12 = -l. What is the remainder when l/(-24) + 170/8 is divided by 6?
3
Let b(n) = -n**3 + 6*n**2 - 3*n + 3. Let p be b(5). Suppose 15*j - p*j = 4. Calculate the remainder when j is divided by 1.
0
Calculate the remainder when 6 + ((-1)/(-1))/(7/483) is divided by 6.
3
Suppose 74*f - 9252 = -76. What is the remainder when f is divided by 19?
10
Let h = -1 - -18. Suppose -4*z = -y - 18, 4*z - 16 = 5*y + 26. Let b(j) = -10*j - 13. Calculate the remainder when b(y) is divided by h.
13
Let c(f) = -28*f - 1. Calculate the remainder when 6/(-39) - (9660/(-91) - 0) is divided by c(-1).
25
Let u = 19 + -15. Suppose 2*q = 0, -5*q - 5 - 3 = -u*h. Calculate the remainder when (-8)/(-2)*(-108)/(-48) is divided by h.
1
Suppose -4*w - z + 228 = 4*z, w - 57 = 3*z. What is the remainder when w is divided by (-144)/84*20/45*-21?
9
Let g(l) = -5*l - 6*l - 3 - 17*l. Suppose -4*v = -4*q, 2*v + 5 = 1. What is the remainder when g(q) is divided by 18?
17
Let l = 255 + 23. Calculate the remainder when l is divided by 35.
33
Let a(c) = 3*c**2 - 62*c + 100. Let j(i) = -4*i - 4. Calculate the remainder when j(-4) is divided by a(19).
2
Let b = 165 - 73. Let k = 109 + -52. Let n = b - k. Calculate the remainder when n is divided by 13.
9
Let l be 1/3 + 912/18. Let j = l + -20. Calculate the remainder when 61 is divided by j.
30
Let m = -872 - -880. What is the remainder when 29 is divided by m?
5
Suppose c + 2*c + 21 = 0. Let o = -10 - c. What is the remainder when 34 is divided by o + 14 + (0 - -1)?
10
Calculate the remainder when ((15770/(-25))/(-19))/(2/10) is divided by 14.
12
Let y(z) = z**3 - 9*z**2 - 52*z + 26. Calculate the remainder when 154 is divided by y(13).
24
Let w = 313 + -298. What is the remainder when 329 is divided by w?
14
Suppose 2*d = 8, -2*o = 2*o + 4*d - 8. Calculate the remainder when (-3)/(-2 + (o - (-313)/79)) is divided by 40.
39
Suppose 19*v + 508 = 23*v. Let x(k) = 49*k**2 + 2. Let f be x(-2). Let i = f - v. Calculate the remainder when i is divided by 24.
23
Suppose -3 =